at is the greatest common divisor of 11 and n?
11
Suppose -4*b = -0*b - 24. Suppose -14*o + 30 = -13*o. Calculate the greatest common divisor of b and o.
6
Let l be (-15)/6*(-16)/5. Let t = 10 - l. Calculate the highest common factor of t and 4.
2
Let u(i) = i**3 - 13*i**2 - 12*i - 25. Let p be u(14). What is the greatest common factor of p and 3?
3
Suppose 0 = 2*o - o - 36. Calculate the highest common divisor of o and 36.
36
Suppose 0 = n + 21 + 8. Let f be n/(-5) - 5/(-25). Calculate the highest common factor of f and 9.
3
Suppose 4*l = 3*c - 67, -2*c = -0*c - 5*l - 40. Suppose 5*v - 295 - 205 = 0. Calculate the highest common factor of c and v.
25
Let s = -231 + 407. Calculate the greatest common factor of s and 16.
16
Let d(g) = 20*g. Let c be d(6). Let p(b) = b**2 - 19*b + 85. Let u be p(14). What is the highest common divisor of u and c?
15
Let m be 24/3 - (-1 + 0). Let r(k) = k**3 + 10*k**2 + 9*k - 4. Let t be r(-7). Suppose -t = -3*p + 136. Calculate the greatest common factor of p and m.
9
Let c be 24/10 + (-4)/10. Let q be 2/(-1) + 6/c. Suppose 2*j - d = -0*j + 4, 5*j - 24 = -d. Calculate the highest common divisor of j and q.
1
Let z = 305 - 179. What is the greatest common factor of 36 and z?
18
Suppose 0 = 2*d + 2*o - 12, -12*o + 4 = -14*o. Suppose 4*i + 0*i = 48. Calculate the highest common divisor of i and d.
4
Suppose 12 = 3*k - 3. Let q = -30 - -19. Let w = k - q. What is the highest common divisor of 2 and w?
2
Let i be (-2)/(4/(-14))*1. Let h(l) = -12*l - 28. Let f be h(-7). What is the greatest common divisor of i and f?
7
Suppose -4*q = 12, -5*d - 15 = 3*q - 146. Calculate the highest common divisor of 14 and d.
14
Suppose -2*s = -17 - 15. Let z = -12 + s. Calculate the greatest common factor of z and 32.
4
Let x be (10/(-25))/((-2)/20). Calculate the greatest common factor of 28 and x.
4
Let l = 2 - -25. Let y = -13 + l. Let r be 2*7*(-1)/(-2). What is the greatest common factor of y and r?
7
Let b = -13 - -18. Let n(w) = w**3 - 4*w**2 + 2*w - 2. Let k be n(b). Let g be 4/8 + 86/4. What is the greatest common divisor of g and k?
11
Let m(o) = 17*o - 49. Let s be m(12). Calculate the greatest common factor of 31 and s.
31
Let o(q) = -q**2 + 12*q + 9. Let u be o(11). What is the greatest common divisor of 10 and u?
10
Let y be -1 + 4/((-4)/(-3)). Suppose -f = -4*l + y*f + 576, -4*f - 144 = -l. What is the greatest common divisor of l and 18?
18
Let w(l) = 3*l - 13. Let v be w(8). What is the greatest common divisor of v and 99?
11
Suppose -b + 15 = 2*b. Suppose -b*c - 5*l - 10 = 0, 3*c - 4*c - 3*l - 8 = 0. Let m be c/3 + (-186)/(-9). Calculate the greatest common factor of 3 and m.
3
Suppose t = -5*v + 27, 2*v - 28 + 202 = 4*t. Calculate the highest common divisor of 28 and t.
14
Let l = 5 - 3. Let x(p) = l*p + 3 - 7 - p. Let o be x(5). What is the highest common factor of 9 and o?
1
Let o(n) = -n**3 - 3*n**2 + 23*n + 5. Let r be o(-7). Let v = -5 - -2. Let w(z) = -33*z + 1. Let s be w(v). Calculate the greatest common divisor of r and s.
20
Suppose -7*i + 12 = -3*i. Let u(y) = 0 + i + 9*y - 3. Let f be u(2). Calculate the greatest common divisor of f and 6.
6
Suppose -3*y + 5*b + 30 = 5, -5*y + 3*b + 31 = 0. Suppose -y*m + 0*m = -45. Calculate the greatest common factor of 18 and m.
9
Let m(d) = 4*d + 2. Let b be m(-3). Let a be b + 7 + (-10)/(-1). Calculate the greatest common divisor of 63 and a.
7
Let l = 22 + 282. What is the highest common factor of 19 and l?
19
Let d = 11 + -8. Suppose -42 = -d*f - 3*v, -f - 34 = -3*f - 5*v. Calculate the highest common factor of 132 and f.
12
Let i(g) = -g**3 + 11*g**2 + g - 6. Let p be i(2). Let q(u) = 2*u**2. Let r be q(-2). Calculate the greatest common divisor of r and p.
8
Let p(z) = -z - 7. Let t be p(-8). Let h be 4/2 + (429 - t). Suppose r + 0*r - 140 = x, h = 3*r - 5*x. Calculate the highest common divisor of 15 and r.
15
Suppose -3*d - 2*d = -20. Let a be 288/6*2/d. What is the highest common divisor of 6 and a?
6
Suppose -23 = -3*x + 13. Let r(z) = 2*z - 5. Let n be r(x). What is the highest common divisor of n and 133?
19
Let z(i) = -i**2 + 12. Let k be z(0). Let n(x) = 5*x + 24. Let p be n(12). What is the highest common factor of k and p?
12
Suppose -v = -5*g - 54, -5*v - 1 = 4. Let j = -10 - g. What is the highest common divisor of j and 5?
1
Let i = -453 - -479. Let l be (27 + -1)*(-6)/(-4). Calculate the highest common factor of l and i.
13
Suppose -x + 4 = -8. Let i = x - 26. Let l = -8 - i. What is the highest common factor of l and 6?
6
Let t(m) = -4*m + 8. Let r(s) = -5*s + 8. Let g(h) = -2*r(h) + 3*t(h). Let c be g(-6). What is the greatest common factor of c and 5?
5
Let m(v) = -5*v. Let z be m(-2). Let q = 20 - -15. Suppose x = -2*x + 4*n + q, 0 = -4*x - 4*n. What is the highest common divisor of z and x?
5
Suppose 2*m = -y - 8, -5*y = 2*m + 14 + 2. Let h be y/4*-4*-1. Let o be h + (15 - (-3)/(-3)). What is the greatest common divisor of o and 4?
4
Suppose 3*z = z + 34. Let g(q) = -42*q + 1. Let w be g(-2). Calculate the greatest common factor of z and w.
17
Let m(k) = k**2 + 5*k - 4. Let z be m(-6). Suppose z*p - 4 = 4. Suppose -14 = -5*h - 5*l + 16, 5*h - 75 = p*l. What is the highest common divisor of 88 and h?
11
Let l be (3*(-1 + 0) - -67) + -4. What is the greatest common divisor of 15 and l?
15
Let b = 24 + -15. Suppose -b = j - 2*j. What is the highest common factor of j and 3?
3
Suppose s - 2*y = y - 1, 4*s = 4*y - 4. Let r = 1 - s. Suppose -3*v - r + 60 = 5*b, -2*b + 3*v = -19. What is the highest common divisor of b and 22?
11
Suppose 1 + 11 = 3*n. Let a = n - 0. Suppose 4*h + 4*i = 44, -41 - 27 = -a*h + 4*i. What is the greatest common divisor of 2 and h?
2
Let k be (0 - -2)/2 - 1. Let w be (-2 - (k + -2))/1. Suppose w*o - o + 56 = 0. Calculate the greatest common divisor of o and 7.
7
Let r be 1/(-2)*(0 + 2). Let a(j) = -2*j**3 + 2*j**2 - 1. Let z be a(r). Calculate the greatest common divisor of z and 12.
3
Let k = -23 - -63. Suppose 2*l + k = 4*l. Calculate the greatest common divisor of l and 10.
10
Let d(h) = 11*h**3 - 2*h**2 + 3*h - 2. Let p be d(2). What is the greatest common factor of p and 12?
12
Suppose -6*l + l = -5*z + 300, 0 = -z + 3*l + 56. Calculate the highest common factor of z and 31.
31
Suppose 3*o - 9 = 0, 3*p - o = 2*p - 9. Let y(j) = -2*j**3 - 4*j**2 - 4*j - 3. Let z be y(p). Let k = z + -147. Calculate the highest common factor of 18 and k.
18
Suppose m - 33 = -24. Calculate the highest common divisor of m and 99.
9
Let a(n) = -3*n - 6. Let u be a(-4). Let r = 12 - u. Let j be (-22)/(-4) - 2/(-4). What is the greatest common factor of r and j?
6
Let f(a) = -a + 9. Suppose -4*p = 4 - 32. Let x be f(p). Let o be 228/8*x/3. Calculate the greatest common factor of 209 and o.
19
Suppose -2*g - 3 = 1. Let j be (12 + 2)/(0 - g). Suppose p = -3*n + 42, 5*n + 0*p - 70 = 5*p. Calculate the highest common factor of j and n.
7
Suppose -5*i + 3*c + 56 = 0, i + 5*c - 40 = -12. Let d(w) = -3*w - 5. Let p be d(-6). Calculate the greatest common divisor of i and p.
13
Let z(m) = 49*m**3 - m**2. Let b be z(1). Calculate the greatest common divisor of b and 16.
16
Let s(h) = 2*h + 4. Let o be s(-4). Let y be o/8*(1 - 1). Let d be -30*(0 - (y - -1)). Calculate the greatest common factor of 3 and d.
3
Let d = -10 + 13. Let r be 6 - (-4 - -1) - d. What is the greatest common factor of r and 3?
3
Let y be (-150)/(-8) - 5/(-20). Suppose -29 = -4*z + y. What is the highest common divisor of 132 and z?
12
Let c(j) = -2*j - 20. Let t be c(-11). What is the greatest common factor of t and 3?
1
Suppose -2*a - 7 = i - 23, -3*a + 15 = -3*i. What is the highest common divisor of a and 2?
1
Let m = 73 - 47. What is the greatest common divisor of m and 208?
26
Let d(z) = z**3 + 7*z**2 + z + 3. Let w be d(-5). Let m = -52 - -64. What is the greatest common divisor of m and w?
12
Let w = -41 - -51. What is the greatest common divisor of 10 and w?
10
Let n be (-1 + 9)*(-4)/(-16). Suppose -n*h - 64 = -5*j, -4*j - 2*h + 38 = -6. Calculate the greatest common factor of j and 4.
4
Let h = -2 + 9. Let m be (10 - 3)/((-1)/(-8)). Calculate the greatest common divisor of h and m.
7
Suppose 2*x = 0, 3*x = -4*h + 6*x + 180. What is the greatest common divisor of 